{"id":200,"date":"2024-02-16T20:11:48","date_gmt":"2024-02-16T19:11:48","guid":{"rendered":"https:\/\/valentindesign.hu\/?page_id=200"},"modified":"2024-04-10T20:10:34","modified_gmt":"2024-04-10T18:10:34","slug":"rolam","status":"publish","type":"page","link":"https:\/\/valentindesign.hu\/?page_id=200","title":{"rendered":"R\u00f3lam"},"content":{"rendered":"\t\t<div data-elementor-type=\"wp-page\" data-elementor-id=\"200\" class=\"elementor elementor-200\">\n\t\t\t\t<div class=\"elementor-element elementor-element-dbb2d8e e-con-full e-flex e-con e-parent\" data-id=\"dbb2d8e\" data-element_type=\"container\">\n\t\t<div class=\"elementor-element elementor-element-5d50877 e-con-full e-flex e-con e-child\" data-id=\"5d50877\" data-element_type=\"container\">\n\t\t\t\t<div class=\"elementor-element elementor-element-054d43e elementor-widget elementor-widget-text-editor\" data-id=\"054d43e\" data-element_type=\"widget\" data-widget_type=\"text-editor.default\">\n\t\t\t\t<div class=\"elementor-widget-container\">\n\t\t\t\t\t\t\t\t\t<p>K\u00f6rnyezet\u00fcnk k\u00f6zvetlen hat\u00e1ssal van r\u00e1nk \u00e9s hangulatunkra, \u00e9rz\u00e9seket kelt benn\u00fcnk, \u00edgy befoly\u00e1solja \u00e9let\u00fcnk min\u0151s\u00e9g\u00e9t. Hiszem, hogy mindenkinek j\u00e1r egy<strong> szem\u00e9lyre szabott \u00e9lett\u00e9r<\/strong>, amely nem csup\u00e1n sz\u00e9p, de a st\u00edlus\u00e1hoz \u00e9s szok\u00e1saihoz igaz\u00edtva praktikus is, \u00edgy t\u00e9ve k\u00e9nyelmess\u00e9 a mindennapokat.<span class=\"Apple-converted-space\">\u00a0<\/span><\/p><p>13 \u00e9vig egy multinacion\u00e1lis v\u00e1llalatn\u00e1l dolgoztam szak\u00e9rt\u0151k\u00e9nt\/k\u00f6zgazd\u00e1szk\u00e9nt. K\u00e9t gyermekem sz\u00fclet\u00e9s\u00e9t k\u00f6vet\u0151en azonban val\u00f3ra v\u00e1ltottam r\u00e9gi \u00e1lmomat, \u00e9s elv\u00e9geztem a<strong> Junior Art Center<\/strong> (a Lakberendez\u0151k Orsz\u00e1gos Sz\u00f6vets\u00e9g\u00e9nek saj\u00e1t iskol\u00e1ja) k\u00e9t\u00e9ves lakberendez\u0151 k\u00e9pz\u00e9s\u00e9t. A kreat\u00edv tev\u00e9kenys\u00e9g nem csak arra d\u00f6bbentett r\u00e1, hogy a munka is lehet t\u00f6lt\u0151d\u00e9s, hanem arra is, hogy az egyik legnagyobb aj\u00e1nd\u00e9k sz\u00e1momra az, ha m\u00e1sok \u00f6r\u00f6m\u00e9t l\u00e1tom sz\u00e9p, \u00faj <b>otthonuk<\/b> k\u00f6z\u00f6s tervezget\u00e9se k\u00f6zben, vagy amikor \u00fajonnan kialak\u00edtott <b>irod\u00e1jukat<\/b> veszik izgatottan birtokba.<\/p>\t\t\t\t\t\t\t\t<\/div>\n\t\t\t\t<\/div>\n\t\t\t\t<\/div>\n\t\t<div class=\"elementor-element elementor-element-1d3886e e-con-full e-flex e-con e-child\" data-id=\"1d3886e\" data-element_type=\"container\">\n\t\t\t\t<div class=\"elementor-element elementor-element-dca492a elementor-widget elementor-widget-image\" data-id=\"dca492a\" data-element_type=\"widget\" data-widget_type=\"image.default\">\n\t\t\t\t<div class=\"elementor-widget-container\">\n\t\t\t\t\t\t\t\t\t\t\t\t\t\t\t<img fetchpriority=\"high\" decoding=\"async\" width=\"607\" height=\"613\" src=\"https:\/\/valentindesign.hu\/wp-content\/uploads\/2024\/02\/426221023_6831156517010743_2258275784416260941_n.jpg\" class=\"attachment-large size-large wp-image-212\" alt=\"Valentin Judit LAkberendez\u0151\" srcset=\"https:\/\/valentindesign.hu\/wp-content\/uploads\/2024\/02\/426221023_6831156517010743_2258275784416260941_n.jpg 607w, https:\/\/valentindesign.hu\/wp-content\/uploads\/2024\/02\/426221023_6831156517010743_2258275784416260941_n-297x300.jpg 297w, https:\/\/valentindesign.hu\/wp-content\/uploads\/2024\/02\/426221023_6831156517010743_2258275784416260941_n-150x150.jpg 150w\" sizes=\"(max-width: 607px) 100vw, 607px\" \/>\t\t\t\t\t\t\t\t\t\t\t\t\t\t\t<\/div>\n\t\t\t\t<\/div>\n\t\t\t\t<\/div>\n\t\t\t\t<\/div>\n\t\t<div class=\"elementor-element elementor-element-8169f65 e-con-full e-flex e-con e-parent\" data-id=\"8169f65\" data-element_type=\"container\">\n\t\t<div class=\"elementor-element elementor-element-583d1a1 e-con-full e-flex e-con e-child\" data-id=\"583d1a1\" data-element_type=\"container\">\n\t\t\t\t<div class=\"elementor-element elementor-element-dab71a5 elementor-widget elementor-widget-image\" data-id=\"dab71a5\" data-element_type=\"widget\" data-widget_type=\"image.default\">\n\t\t\t\t<div class=\"elementor-widget-container\">\n\t\t\t\t\t\t\t\t\t\t\t\t\t\t\t<img decoding=\"async\" width=\"500\" height=\"200\" src=\"https:\/\/valentindesign.hu\/wp-content\/uploads\/2024\/02\/Jucuska_logo_alairas_plus.png\" class=\"attachment-large size-large wp-image-87\" alt=\"\" srcset=\"https:\/\/valentindesign.hu\/wp-content\/uploads\/2024\/02\/Jucuska_logo_alairas_plus.png 500w, https:\/\/valentindesign.hu\/wp-content\/uploads\/2024\/02\/Jucuska_logo_alairas_plus-300x120.png 300w\" sizes=\"(max-width: 500px) 100vw, 500px\" \/>\t\t\t\t\t\t\t\t\t\t\t\t\t\t\t<\/div>\n\t\t\t\t<\/div>\n\t\t\t\t<\/div>\n\t\t<div class=\"elementor-element elementor-element-9168142 e-con-full e-flex e-con e-child\" data-id=\"9168142\" data-element_type=\"container\">\n\t\t\t\t<div class=\"elementor-element elementor-element-7aea80b elementor-widget elementor-widget-text-editor\" data-id=\"7aea80b\" data-element_type=\"widget\" data-widget_type=\"text-editor.default\">\n\t\t\t\t<div class=\"elementor-widget-container\">\n\t\t\t\t\t\t\t\t\t<p>Gyermekkorom \u00f3ta \u00f6szt\u00f6n\u00f6sen arra t\u00f6rekszem, hogy a k\u00f6rnyezetemben \u00e9l\u0151k a lehet\u0151 <b>legjobban<\/b> <b>\u00e9rezz\u00e9k<\/b> magukat. Er\u0151ss\u00e9gem az emp\u00e1tia, amely seg\u00edts\u00e9g\u00e9vel k\u00f6nnyen r\u00e1hangol\u00f3dom a megrendel\u0151 szem\u00e9lyis\u00e9g\u00e9re, egy\u00e9ni ig\u00e9nyeire, st\u00edlus\u00e1ra.\u00a0<\/p><p>R\u00e9g\u00f3ta tapasztalom, hogy nem csak mi form\u00e1ljuk k\u00f6rnyezet\u00fcnket, hanem k\u00f6rnyezet\u00fcnk is k\u00f6zvetlen hat\u00e1ssal van r\u00e1nk, \u00e9rz\u00e9seket \u00e9breszt benn\u00fcnk. \u00c9letter\u00fcnk megnyugtathat vagy fel\u00e9l\u00e9nk\u00edthet, befoly\u00e1solja hangulatunkat, pihen\u00e9s\u00fcnket \u00e9s koncentr\u00e1l\u00f3 k\u00e9pess\u00e9g\u00fcnket is. A lakberendez\u00e9s teh\u00e1t egy kreat\u00edv \u00e9s hat\u00e1sos eszk\u00f6z a bels\u0151 t\u00e9r <b>funkci\u00f3knak megfelel\u0151 kialak\u00edt\u00e1s\u00e1hoz,<\/b> az ergon\u00f3mia seg\u00edts\u00e9g\u00e9vel pedig t\u00f6k\u00e9letesen egy\u00e9nre szabhat\u00f3 minden helyis\u00e9g \u00e9s berendez\u00e9s. A sz\u00ednek, anyagok, form\u00e1k \u00e9s f\u00e9nyek megv\u00e1laszt\u00e1s\u00e1val, azok k\u00fcl\u00f6nb\u00f6z\u0151 kombin\u00e1ci\u00f3j\u00e1val, kis \u00e9s nagy terekben egyar\u00e1nt kialak\u00edthat\u00f3 a megfelel\u0151 hely minden tev\u00e9kenys\u00e9g sz\u00e1m\u00e1ra.<\/p><p>Ha mindezek megtervez\u00e9s\u00e9ben \u00e9s megval\u00f3s\u00edt\u00e1s\u00e1ban seg\u00edts\u00e9gedre lehetek, k\u00e9rlek, <b>keress bizalommal<\/b> el\u00e9rhet\u0151s\u00e9geimen.\u00a0<\/p><h5>\u00d6r\u00f6mmel seg\u00edtek meg\u00e1lmodni \u00e1lmaid otthon\u00e1t \u00e9s irod\u00e1j\u00e1t!<\/h5>\t\t\t\t\t\t\t\t<\/div>\n\t\t\t\t<\/div>\n\t\t\t\t<\/div>\n\t\t\t\t<\/div>\n\t\t<div class=\"elementor-element elementor-element-12cdd5b2 e-flex e-con-boxed e-con e-parent\" data-id=\"12cdd5b2\" data-element_type=\"container\">\n\t\t\t\t\t<div class=\"e-con-inner\">\n\t\t<div class=\"elementor-element elementor-element-2e810336 e-con-full e-flex e-con e-child\" data-id=\"2e810336\" data-element_type=\"container\">\n\t\t\t\t<div class=\"elementor-element elementor-element-7a8d66f9 content-align-cta-default elementor-widget elementor-widget-eael-cta-box\" data-id=\"7a8d66f9\" data-element_type=\"widget\" data-widget_type=\"eael-cta-box.default\">\n\t\t\t\t<div class=\"elementor-widget-container\">\n\t\t\t\t\t\t\t<div class=\"eael-call-to-action cta-basic bg-lite cta-preset-1\">\n        <h2 class=\"title eael-cta-heading\">Terveztetn\u00e9l?<\/h2><p>L\u00e9pj kapcsolatba velem!<\/p><a href=\"mailto:tervezes@valentindesign.hu\" class=\"cta-button cta-preset-1  \">Aj\u00e1nlatot k\u00e9rek<\/a>\t<\/div>\n\t\t\t\t\t\t\t\t<\/div>\n\t\t\t\t<\/div>\n\t\t\t\t<\/div>\n\t\t<div class=\"elementor-element elementor-element-2df981af e-con-full e-flex e-con e-child\" data-id=\"2df981af\" data-element_type=\"container\">\n\t\t\t\t<div class=\"elementor-element elementor-element-11ddedc3 elementor-widget elementor-widget-image\" data-id=\"11ddedc3\" data-element_type=\"widget\" data-widget_type=\"image.default\">\n\t\t\t\t<div class=\"elementor-widget-container\">\n\t\t\t\t\t\t\t\t\t\t\t\t\t\t\t<img decoding=\"async\" width=\"800\" height=\"457\" src=\"https:\/\/valentindesign.hu\/wp-content\/uploads\/2024\/04\/Unknown-2-1024x585.webp\" class=\"attachment-large size-large wp-image-325\" alt=\"\" srcset=\"https:\/\/valentindesign.hu\/wp-content\/uploads\/2024\/04\/Unknown-2-1024x585.webp 1024w, https:\/\/valentindesign.hu\/wp-content\/uploads\/2024\/04\/Unknown-2-300x171.webp 300w, https:\/\/valentindesign.hu\/wp-content\/uploads\/2024\/04\/Unknown-2-768x439.webp 768w, https:\/\/valentindesign.hu\/wp-content\/uploads\/2024\/04\/Unknown-2.webp 1050w\" sizes=\"(max-width: 800px) 100vw, 800px\" \/>\t\t\t\t\t\t\t\t\t\t\t\t\t\t\t<\/div>\n\t\t\t\t<\/div>\n\t\t\t\t<\/div>\n\t\t\t\t\t<\/div>\n\t\t\t\t<\/div>\n\t\t\t\t<\/div>\n\t\t","protected":false},"excerpt":{"rendered":"<p>K\u00f6rnyezet\u00fcnk k\u00f6zvetlen hat\u00e1ssal van r\u00e1nk \u00e9s hangulatunkra, \u00e9rz\u00e9seket kelt benn\u00fcnk, \u00edgy befoly\u00e1solja \u00e9let\u00fcnk min\u0151s\u00e9g\u00e9t. Hiszem, hogy mindenkinek j\u00e1r egy szem\u00e9lyre szabott \u00e9lett\u00e9r, amely nem csup\u00e1n sz\u00e9p, de a st\u00edlus\u00e1hoz \u00e9s szok\u00e1saihoz igaz\u00edtva praktikus is, \u00edgy t\u00e9ve k\u00e9nyelmess\u00e9 a mindennapokat.\u00a0 13 \u00e9vig egy multinacion\u00e1lis v\u00e1llalatn\u00e1l dolgoztam szak\u00e9rt\u0151k\u00e9nt\/k\u00f6zgazd\u00e1szk\u00e9nt. K\u00e9t gyermekem sz\u00fclet\u00e9s\u00e9t k\u00f6vet\u0151en azonban val\u00f3ra v\u00e1ltottam r\u00e9gi \u00e1lmomat, [&hellip;]<\/p>\n","protected":false},"author":1,"featured_media":0,"parent":0,"menu_order":0,"comment_status":"closed","ping_status":"closed","template":"","meta":{"footnotes":""},"class_list":["post-200","page","type-page","status-publish","hentry"],"_links":{"self":[{"href":"https:\/\/valentindesign.hu\/index.php?rest_route=\/wp\/v2\/pages\/200","targetHints":{"allow":["GET"]}}],"collection":[{"href":"https:\/\/valentindesign.hu\/index.php?rest_route=\/wp\/v2\/pages"}],"about":[{"href":"https:\/\/valentindesign.hu\/index.php?rest_route=\/wp\/v2\/types\/page"}],"author":[{"embeddable":true,"href":"https:\/\/valentindesign.hu\/index.php?rest_route=\/wp\/v2\/users\/1"}],"replies":[{"embeddable":true,"href":"https:\/\/valentindesign.hu\/index.php?rest_route=%2Fwp%2Fv2%2Fcomments&post=200"}],"version-history":[{"count":19,"href":"https:\/\/valentindesign.hu\/index.php?rest_route=\/wp\/v2\/pages\/200\/revisions"}],"predecessor-version":[{"id":348,"href":"https:\/\/valentindesign.hu\/index.php?rest_route=\/wp\/v2\/pages\/200\/revisions\/348"}],"wp:attachment":[{"href":"https:\/\/valentindesign.hu\/index.php?rest_route=%2Fwp%2Fv2%2Fmedia&parent=200"}],"curies":[{"name":"wp","href":"https:\/\/api.w.org\/{rel}","templated":true}]}}

Rólam

<div data-elementor-type="wp-page" data-elementor-id="200" class="elementor elementor-200">
				<div class="elementor-element elementor-element-dbb2d8e e-con-full e-flex e-con e-parent" data-id="dbb2d8e" data-element_type="container">
		<div class="elementor-element elementor-element-5d50877 e-con-full e-flex e-con e-child" data-id="5d50877" data-element_type="container">
				<div class="elementor-element elementor-element-054d43e elementor-widget elementor-widget-text-editor" data-id="054d43e" data-element_type="widget" data-widget_type="text-editor.default">
				<div class="elementor-widget-container">
									<p>Környezetünk közvetlen hatással van ránk és hangulatunkra, érzéseket kelt bennünk, így befolyásolja életünk minőségét. Hiszem, hogy mindenkinek jár egy<strong> személyre szabott élettér</strong>, amely nem csupán szép, de a stílusához és szokásaihoz igazítva praktikus is, így téve kényelmessé a mindennapokat.<span class="Apple-converted-space"> </span></p><p>13 évig egy multinacionális vállalatnál dolgoztam szakértőként/közgazdászként. Két gyermekem születését követően azonban valóra váltottam régi álmomat, és elvégeztem a<strong> Junior Art Center</strong> (a Lakberendezők Országos Szövetségének saját iskolája) kétéves lakberendező képzését. A kreatív tevékenység nem csak arra döbbentett rá, hogy a munka is lehet töltődés, hanem arra is, hogy az egyik legnagyobb ajándék számomra az, ha mások örömét látom szép, új <b>otthonuk</b> közös tervezgetése közben, vagy amikor újonnan kialakított <b>irodájukat</b> veszik izgatottan birtokba.</p>								</div>
				</div>
				</div>
		<div class="elementor-element elementor-element-1d3886e e-con-full e-flex e-con e-child" data-id="1d3886e" data-element_type="container">
				<div class="elementor-element elementor-element-dca492a elementor-widget elementor-widget-image" data-id="dca492a" data-element_type="widget" data-widget_type="image.default">
				<div class="elementor-widget-container">
															<img fetchpriority="high" decoding="async" width="607" height="613" src="https://valentindesign.hu/wp-content/uploads/2024/02/426221023_6831156517010743_2258275784416260941_n.jpg" class="attachment-large size-large wp-image-212" alt="Valentin Judit LAkberendező" srcset="https://valentindesign.hu/wp-content/uploads/2024/02/426221023_6831156517010743_2258275784416260941_n.jpg 607w, https://valentindesign.hu/wp-content/uploads/2024/02/426221023_6831156517010743_2258275784416260941_n-297x300.jpg 297w, https://valentindesign.hu/wp-content/uploads/2024/02/426221023_6831156517010743_2258275784416260941_n-150x150.jpg 150w" sizes="(max-width: 607px) 100vw, 607px" />															</div>
				</div>
				</div>
				</div>
		<div class="elementor-element elementor-element-8169f65 e-con-full e-flex e-con e-parent" data-id="8169f65" data-element_type="container">
		<div class="elementor-element elementor-element-583d1a1 e-con-full e-flex e-con e-child" data-id="583d1a1" data-element_type="container">
				<div class="elementor-element elementor-element-dab71a5 elementor-widget elementor-widget-image" data-id="dab71a5" data-element_type="widget" data-widget_type="image.default">
				<div class="elementor-widget-container">
															<img decoding="async" width="500" height="200" src="https://valentindesign.hu/wp-content/uploads/2024/02/Jucuska_logo_alairas_plus.png" class="attachment-large size-large wp-image-87" alt="" srcset="https://valentindesign.hu/wp-content/uploads/2024/02/Jucuska_logo_alairas_plus.png 500w, https://valentindesign.hu/wp-content/uploads/2024/02/Jucuska_logo_alairas_plus-300x120.png 300w" sizes="(max-width: 500px) 100vw, 500px" />															</div>
				</div>
				</div>
		<div class="elementor-element elementor-element-9168142 e-con-full e-flex e-con e-child" data-id="9168142" data-element_type="container">
				<div class="elementor-element elementor-element-7aea80b elementor-widget elementor-widget-text-editor" data-id="7aea80b" data-element_type="widget" data-widget_type="text-editor.default">
				<div class="elementor-widget-container">
									<p>Gyermekkorom óta ösztönösen arra törekszem, hogy a környezetemben élők a lehető <b>legjobban</b> <b>érezzék</b> magukat. Erősségem az empátia, amely segítségével könnyen ráhangolódom a megrendelő személyiségére, egyéni igényeire, stílusára. </p><p>Régóta tapasztalom, hogy nem csak mi formáljuk környezetünket, hanem környezetünk is közvetlen hatással van ránk, érzéseket ébreszt bennünk. Életterünk megnyugtathat vagy felélénkíthet, befolyásolja hangulatunkat, pihenésünket és koncentráló képességünket is. A lakberendezés tehát egy kreatív és hatásos eszköz a belső tér <b>funkcióknak megfelelő kialakításához,</b> az ergonómia segítségével pedig tökéletesen egyénre szabható minden helyiség és berendezés. A színek, anyagok, formák és fények megválasztásával, azok különböző kombinációjával, kis és nagy terekben egyaránt kialakítható a megfelelő hely minden tevékenység számára.</p><p>Ha mindezek megtervezésében és megvalósításában segítségedre lehetek, kérlek, <b>keress bizalommal</b> elérhetőségeimen. </p><h5>Örömmel segítek megálmodni álmaid otthonát és irodáját!</h5>								</div>
				</div>
				</div>
				</div>
		<div class="elementor-element elementor-element-12cdd5b2 e-flex e-con-boxed e-con e-parent" data-id="12cdd5b2" data-element_type="container">
					<div class="e-con-inner">
		<div class="elementor-element elementor-element-2e810336 e-con-full e-flex e-con e-child" data-id="2e810336" data-element_type="container">
				<div class="elementor-element elementor-element-7a8d66f9 content-align-cta-default elementor-widget elementor-widget-eael-cta-box" data-id="7a8d66f9" data-element_type="widget" data-widget_type="eael-cta-box.default">
				<div class="elementor-widget-container">
							<div class="eael-call-to-action cta-basic bg-lite cta-preset-1">
        <h2 class="title eael-cta-heading">Terveztetnél?</h2><p>Lépj kapcsolatba velem!</p><a href="mailto:tervezes@valentindesign.hu" class="cta-button cta-preset-1  ">Ajánlatot kérek</a>	</div>
								</div>
				</div>
				</div>
		<div class="elementor-element elementor-element-2df981af e-con-full e-flex e-con e-child" data-id="2df981af" data-element_type="container">
				<div class="elementor-element elementor-element-11ddedc3 elementor-widget elementor-widget-image" data-id="11ddedc3" data-element_type="widget" data-widget_type="image.default">
				<div class="elementor-widget-container">
															<img decoding="async" width="800" height="457" src="https://valentindesign.hu/wp-content/uploads/2024/04/Unknown-2-1024x585.webp" class="attachment-large size-large wp-image-325" alt="" srcset="https://valentindesign.hu/wp-content/uploads/2024/04/Unknown-2-1024x585.webp 1024w, https://valentindesign.hu/wp-content/uploads/2024/04/Unknown-2-300x171.webp 300w, https://valentindesign.hu/wp-content/uploads/2024/04/Unknown-2-768x439.webp 768w, https://valentindesign.hu/wp-content/uploads/2024/04/Unknown-2.webp 1050w" sizes="(max-width: 800px) 100vw, 800px" />															</div>
				</div>
				</div>
					</div>
				</div>
				</div>

<p>Környezetünk közvetlen hatással van ránk és hangulatunkra, érzéseket kelt bennünk, így befolyásolja életünk minőségét. Hiszem, hogy mindenkinek jár egy személyre szabott élettér, amely nem csupán szép, de a stílusához és szokásaihoz igazítva praktikus is, így téve kényelmessé a mindennapokat.  13 évig egy multinacionális vállalatnál dolgoztam szakértőként/közgazdászként. Két gyermekem születését követően azonban valóra váltottam régi álmomat, [&hellip;]</p>
